Let f = -3 - -2. Suppose 0*j + 93 = 3*r + 3*j, -4*r - 5*j + 129 = 0. What is the remainder when r is divided by (-17 - -3)/(0 + f)?
12
Let r = -800 + 825. Calculate the remainder when 40 is divided by r.
15
Let d be -3 - -3 - 5*-1. Suppose d*f = 3*f + 3*o + 15, 5*f - 18 = o. Suppose -49 = -2*z - 45. Calculate the remainder when f is divided by z.
1
Suppose 0 = v + 4*v - 75. Let s be (-90)/(-1) - 1 - 4. Let r = s - 58. What is the remainder when r is divided by v?
12
Suppose 5*x + 178 = s, -4*x - s = -0*x + 146. Let p = x + 47. What is the remainder when 20 is divided by p?
9
Calculate the remainder when 115 is divided by (-152)/(-6) + ((-228)/36 - -5).
19
Let s = -175 - -177. Suppose 12 = 5*o - o, 0 = 4*m + 5*o - 31. Calculate the remainder when (s - m)/(2/(-82)) is divided by 17.
14
Suppose 4*u + 2 = 2*u. Let r = u + 7. What is the remainder when 19 is divided by 27/r + 2/4?
4
Suppose 22*p = 1892 + 946. What is the remainder when 379 is divided by p?
121
Calculate the remainder when (2 - -176)/(-1*(-3 + 1)) is divided by 30.
29
Suppose -36*a + 53 = -91. What is the remainder when 32 is divided by a?
0
Suppose -d - 28 - 292 = -2*w, 166 = w + d. Calculate the remainder when w is divided by 14.
8
Let u(j) = -9*j + 273. Calculate the remainder when u(25) is divided by 47.
1
Let q(c) = c**2 + 5*c - 3. What is the remainder when q(2) is divided by 3?
2
What is the remainder when ((-10)/6)/((-7)/546) - 0 is divided by 11?
9
Suppose 12*p + 3*q - 1253 = 1486, -4*q = -20. Calculate the remainder when p is divided by 6.
5
Suppose 3*m = m + 44. Calculate the remainder when (-20)/2*(-7 - (-2 + -1)) is divided by m.
18
Suppose 27 + 21 = 3*q. Suppose 2*j + q = l - 0*j, -l - j = -10. Calculate the remainder when 33 is divided by l.
9
Let k be (-1)/((10/164)/(-5)). Suppose 5*j = 3*j + k. Calculate the remainder when j is divided by 22.
19
Let z(p) be the first derivative of -p**4/2 - p**3/3 + 3*p**2/2 + 4*p - 1. Calculate the remainder when z(-3) is divided by 11.
7
Let x(h) = 4*h - 16. Let w be x(-6). Let t = w - -51. What is the remainder when t is divided by 7?
4
Let x be 0 + -3 + (-154)/(4/(-2)). Calculate the remainder when 72 is divided by (-2)/(8/x)*-2.
35
Suppose 0 = -3*z - 4*s + 152, -2*s + 246 = 5*z + s. Calculate the remainder when 17 is divided by ((-5)/3)/((-8)/z).
7
Let p be 48/(-9) + 6/(-9)*1. Calculate the remainder when 7 is divided by (p/8)/(-2 + 65/40).
1
Let h(o) = 2*o**3 - 2*o**2 + 5*o - 37. What is the remainder when h(4) is divided by 16?
15
Suppose -3*u + 5*t + 26 = 0, 3*u - 5*t + 59 = 5*u. Calculate the remainder when 53 is divided by u.
2
Let d be 47 - (-3 - (0 - 4)). Let b = 38 - d. Let h = 15 + b. Calculate the remainder when h is divided by 3.
1
Suppose -3*j = -s - 574, -4*j + 440 = -2*s - 322. Calculate the remainder when j is divided by 4/(-18) - 22593/(-459).
46
Suppose 273 = -5*o + 2*t, o + 4*t + 56 = 3*t. Calculate the remainder when 59 is divided by (-2)/5 + (-847)/o.
14
Suppose 0 = -16*p + 24*p - 5632. Calculate the remainder when p is divided by 7.
4
Suppose 0 = -129*u + 120*u + 1611. What is the remainder when 374 is divided by u?
16
Suppose 0 = -2*y - 2*v + 180, -y + 6*v + 82 = 3*v. Calculate the remainder when y is divided by (((-770)/21)/(-11))/(2/18).
28
Suppose -5*y = -5*z + 35, 2*z + 13 - 3 = -4*y. What is the remainder when 113 is divided by z?
2
Let m be (-81)/(-15) + (39/15 - 3). Suppose m*i - 4*i = 18. Calculate the remainder when (-1 + 2)*-3 + 73 is divided by i.
16
Let f(p) = -p**2 - 6*p + 16. Let q be f(16). Let k = -228 - q. What is the remainder when k is divided by 22?
20
Let y be 0/1 + -2 + 5. Suppose y*m - 53 = 10. What is the remainder when m is divided by (-16)/6*(-6 - -3)?
5
Let u = -169 - -268. Calculate the remainder when u is divided by 14.
1
Suppose m - 5*p + 22 = 0, 3*m - 4 = -12*p + 13*p. Calculate the remainder when 677 is divided by m.
2
Let f = 78 - -70. Let d = f - 123. What is the remainder when 49 is divided by d?
24
Let t = -30 - -33. Suppose -t*j + 34 = -41. Calculate the remainder when j is divided by 9.
7
Let p be 72/(-60)*10/(-3). Let n be p/(-18) + 40/18. Calculate the remainder when 73 is divided by 1 + (-16 + n)*-1.
13
What is the remainder when (-10)/(110/(-231)) + 5*-1 is divided by 14?
2
Suppose -5 = -5*a + 10. What is the remainder when (-196)/(-10) - (-6)/15 is divided by (a + -4)/((-2)/14)?
6
Let s be (-2)/4*(-8 + 8). Suppose -2*m + 6 = s, 6*w - 4*m - 651 = 3*w. Suppose 53 = -3*d + w. Calculate the remainder when d is divided by 15.
11
Suppose -6*h = -3*h + 60. Let x = -8 - h. Let j(m) = m**2 + 3*m - 7. What is the remainder when j(-7) is divided by x?
9
Let n = 3 - 1. Suppose 4*x + n*m = 170, 2*m + 2*m = -5*x + 220. Calculate the remainder when x is divided by (4 - (-3)/(-1)) + 11 + 2.
12
Let j(d) = 6*d**2 + 10*d - 124. Calculate the remainder when 2278 is divided by j(6).
150
Let s be (-3*76/(-12))/(-1). Let p = s - -35. Calculate the remainder when 66/4*p/24 is divided by 6.
5
Suppose 5*j = -3*t + 5, -3*j + 5*j - 3 = -t. Let z(u) = 2*u**2 - u + 4. Let h be z(j). Suppose h = b + 3*b. Calculate the remainder when b is divided by 5.
3
Let c(q) = q**3 + 11*q**2 + 20*q + 18. Calculate the remainder when c(-6) is divided by 17.
10
Suppose 234 = 60*s - 42*s. Calculate the remainder when 140 is divided by s.
10
Let s(p) = 20*p - 2. Let m be s(3). Let i(l) = 4*l**2 - 23*l + 2. Let k be i(7). Let v = m - k. What is the remainder when 39 is divided by v?
18
Calculate the remainder when 235 is divided by 23 + 2 + -3 + -7 + 2.
14
Suppose -4*w - 2*d - 71 = -7*w, -35 = -w - 5*d. Suppose 2*m - 94 = -0*m. What is the remainder when m is divided by w?
22
What is the remainder when (-2)/20 + (-11)/(-10) + 111 is divided by 38?
36
Suppose 0 = -m + 54 + 77. Suppose 3*z - m = -5*c + 63, 0 = -4*c + 3*z + 139. Calculate the remainder when c is divided by 7.
2
Let b = 10 + -7. Suppose 0 = -3*d + 2*h - 0*h + 35, -b*d + 43 = -4*h. What is the remainder when 34 is divided by d?
7
Let q = 27 + -18. What is the remainder when 2/((-2)/61)*-1 is divided by q?
7
Suppose 0 = -8*f + 3*f. Suppose f = y - 17 + 6. What is the remainder when 38 is divided by y?
5
Suppose 8 = 39*z - 37*z, b - 118 = 5*z. What is the remainder when 258 is divided by b?
120
What is the remainder when (-8972)/(-39) - 190/3705 is divided by 113?
4
Let x(c) = -10*c - 53. What is the remainder when (1 + (-30)/8)*-4 is divided by x(-6)?
4
Let n be 3/(-5) - 78/(-30). Let j be ((-6)/18)/(n/(-12)). Suppose 4*v = 3*z + 111, -8*v = -3*v + j*z - 156. What is the remainder when v is divided by 8?
6
Let n = 18263 - 18231. Suppose -3*z - 44 = -2*k - 2*k, -k + 3*z = -20. What is the remainder when n is divided by k?
0
Let k(w) = w**3 + 2*w**2 - 18. Calculate the remainder when 377 is divided by k(3).
26
Suppose 7*s = -18*s + 500. What is the remainder when (147 + -2)*(-10)/(-25) is divided by s?
18
Suppose -62 - 36 = -2*a. Suppose -199 = 5*u - a. Let w = u - -42. Calculate the remainder when 23 is divided by w.
11
Let o = -2213 - -4591. What is the remainder when o is divided by 28?
26
Suppose -3*p - 49 = -148. Calculate the remainder when p is divided by (-50)/(-375) - (-566)/30.
14
Let t(s) = -s**3 + 2*s**2 + s - 4. Let q be t(3). Let x = q + 14. Calculate the remainder when (-2)/7 - 116/(-14) - (-70 + 69) is divided by x.
1
Let s(x) = 5*x**3 - 4*x**2 + 2*x - 3. Let b = 75 + -72. What is the remainder when s(b) is divided by 35?
32
Suppose -32*n - 4859 = -26107. What is the remainder when n is divided by 15?
4
Suppose 0 = m - 5*q - 52, 5*q = -m + 4*q + 22. Let b = 94 - 84. What is the remainder when m is divided by b?
7
Let o(p) = -6*p - 6. Let r be o(2). Suppose -4*y - n = -4 + 9, 4*y + 4*n = -20. What is the remainder when (r + y)/(-2 - 0) is divided by 3?
0
Calculate the remainder when (-3 - -2)*-351 + 0 is divided by 94.
69
Let h(k) = 4*k**3 - k**2 + 3*k - 3. Let w be 143/5 + (-27)/45. What is the remainder when h(2) is divided by 231/w*(-8)/(-6)?
9
Suppose 3*a + y - 159 = -2*y, 0 = 2*a + 3*y - 109. What is the remainder when 193 is divided by a?
43
Let a(p) = -p**3 - 12*p**2 - 10*p + 11. Let t be a(-11). Suppose 0 = -3*l - t*l + 30. What is the remainder when 44 is divided by (4/l)/((-4)/(-230))?
21
Suppose -i + 253 = -705. Calculate 